{"id":6621,"date":"2025-12-01T14:51:47","date_gmt":"2025-12-01T13:51:47","guid":{"rendered":"https:\/\/refonte.dac-varouest.fr\/?page_id=6621"},"modified":"2026-04-29T11:09:38","modified_gmt":"2026-04-29T09:09:38","slug":"projets-2","status":"publish","type":"page","link":"https:\/\/dac-varouest.fr\/index.php\/animation-territoriale\/projets-2\/","title":{"rendered":"Projets"},"content":{"rendered":"\t\t<div data-elementor-type=\"wp-page\" data-elementor-id=\"6621\" class=\"elementor elementor-6621\">\n\t\t\t\t\t\t<section class=\"elementor-section elementor-top-section elementor-element elementor-element-6d2bcd7 elementor-section-boxed elementor-section-height-default elementor-section-height-default\" data-id=\"6d2bcd7\" data-element_type=\"section\" data-e-type=\"section\">\n\t\t\t\t\t\t<div class=\"elementor-container elementor-column-gap-default\">\n\t\t\t\t\t<div class=\"elementor-column elementor-col-100 elementor-top-column elementor-element elementor-element-4352628\" data-id=\"4352628\" data-element_type=\"column\" data-e-type=\"column\">\n\t\t\t<div class=\"elementor-widget-wrap elementor-element-populated\">\n\t\t\t\t\t\t<div class=\"elementor-element elementor-element-37bcca6 elementor-widget elementor-widget-html\" data-id=\"37bcca6\" data-element_type=\"widget\" data-e-type=\"widget\" data-widget_type=\"html.default\">\n\t\t\t\t<div class=\"elementor-widget-container\">\n\t\t\t\t\t<div class=\"projet-intro\">\r\n  <p class=\"projet-intro-strong\">\r\n    Le DAC Var Ouest d\u00e9veloppe plusieurs projets structurants destin\u00e9s \u00e0 am\u00e9liorer la coordination territoriale,\r\n    fluidifier le lien Ville\u2013H\u00f4pital et faciliter l\u2019acc\u00e8s aux aides, droits et soins.\r\n  <\/p>\r\n\r\n  <p class=\"projet-intro-text\">\r\n    Ces projets et outils visent \u00e0 soutenir aussi bien les professionnels que les usagers,\r\n    en s\u2019appuyant sur des solutions innovantes, \u00e9volutives et adapt\u00e9es aux besoins du territoire.\r\n  <\/p>\r\n<\/div>\r\n\r\n\r\n\r\n<div class=\"projet-wrapper\">\r\n\r\n  <h2 class=\"projet-section-title projets-title\">Les projets<\/h2>\r\n\r\n  <div class=\"projet-list\">\r\n\r\n    <!-- CASSI -->\r\n    <article class=\"projet-item projet-blue\">\r\n      <div class=\"projet-main\">\r\n        <div class=\"projet-img\">\r\n          <img data-recalc-dims=\"1\" decoding=\"async\" src=\"https:\/\/i0.wp.com\/dac-varouest.fr\/wp-content\/uploads\/2025\/11\/LOGO-CASSI-1.png?ssl=1\">\r\n        <\/div>\r\n        <div class=\"projet-content\">\r\n          <h3>CASSI<\/h3>\r\n          <p class=\"projet-short\">Une cartographie intelligente pour trouver le bon acteur au bon moment.<\/p>\r\n          <button class=\"projet-more-btn\">Voir plus<\/button>\r\n        <\/div>\r\n      <\/div>\r\n      <div class=\"projet-full\">\r\n        <p>CASSI est un outil num\u00e9rique r\u00e9gional de cartographie et d\u2019annuaire permettant aux professionnels d\u2019acc\u00e9der \u00e0 des donn\u00e9es fiables, actualis\u00e9es et op\u00e9rationnelles sur l\u2019offre sanitaire, sociale et m\u00e9dico-sociale. Il vise \u00e0 faciliter l\u2019orientation et \u00e0 fluidifier les parcours en optimisant le recours aux aides, services et soins.<\/p>\r\n        <a href=\"https:\/\/dac-varouest.fr\/wp-content\/uploads\/2025\/12\/CASSI.pdf\">T\u00e9l\u00e9charger la fiche<\/a>\r\n      <\/div>\r\n    <\/article>\r\n\r\n    <!-- CLEA -->\r\n    <article class=\"projet-item projet-blue\">\r\n      <div class=\"projet-main\">\r\n        <div class=\"projet-img\">\r\n          <img decoding=\"async\" src=\"https:\/\/dac-varouest.fr\/wp-content\/uploads\/2025\/12\/Logo-CLEA-1.svg\">\r\n        <\/div>\r\n        <div class=\"projet-content\">\r\n          <h3>CLEA<\/h3>\r\n          <p class=\"projet-short\">Un outil pour am\u00e9liorer le lien ville-h\u00f4pital .<\/p>\r\n          <button class=\"projet-more-btn\">Voir plus<\/button>\r\n        <\/div>\r\n      <\/div>\r\n      <div class=\"projet-full\">\r\n        <p>Le projet CLEA vise \u00e0 renforcer le lien entre la ville et l\u2019h\u00f4pital afin d\u2019anticiper les situations complexes et de pr\u00e9venir les ruptures de parcours. Il s\u2019appuie sur le rep\u00e9rage pr\u00e9coce des situations \u00e0 risque, l\u2019accompagnement gradu\u00e9 des personnes concern\u00e9es et, \u00e0 terme, sur l\u2019analyse des donn\u00e9es pour am\u00e9liorer la coordination et r\u00e9duire les impasses m\u00e9dico-sociales.<\/p>\r\n        <a href=\"https:\/\/dac-varouest.fr\/wp-content\/uploads\/2025\/12\/CLEA-Synthese-Projet.pdf\">T\u00e9l\u00e9charger la fiche<\/a>\r\n      <\/div>\r\n    <\/article>\r\n\r\n    <!-- ORIA -->\r\n    <article class=\"projet-item projet-disabled\">\r\n      <div class=\"projet-main\">\r\n        <div class=\"projet-img\">\r\n          <img decoding=\"async\" src=\"https:\/\/dac-varouest.fr\/wp-content\/uploads\/2026\/01\/LOGO-ORIA.svg\">\r\n        <\/div>\r\n        <div class=\"projet-content\">\r\n          <h3>ORIA (en d\u00e9veloppement)<\/h3>\r\n          <p class=\"projet-short\">Une IA d\u2019aide \u00e0 l\u2019orientation territoriale.<\/p>\r\n          <button class=\"projet-more-btn\">Voir plus<\/button>\r\n        <\/div>\r\n      <\/div>\r\n      <div class=\"projet-full\">\r\n        <p>ORIA est un projet innovant d\u2019aide \u00e0 l\u2019orientation int\u00e9grant la saisie vocale et l\u2019analyse automatis\u00e9e des situations pour proposer des orientations adapt\u00e9es. \u00c0 terme, il vise \u00e0 anticiper les risques de rupture de parcours gr\u00e2ce \u00e0 des algorithmes d\u2019analyse pr\u00e9dictive et de d\u00e9tection de signaux faibles.<\/p>\r\n        <a href=\"https:\/\/dac-varouest.fr\/wp-content\/uploads\/2025\/12\/ORIA.pdf\">T\u00e9l\u00e9charger la fiche<\/a>\r\n      <\/div>\r\n    <\/article>\r\n\r\n  <\/div>\r\n\r\n \r\n<\/div>\t\t\t\t<\/div>\n\t\t\t\t<\/div>\n\t\t\t\t\t<\/div>\n\t\t<\/div>\n\t\t\t\t\t<\/div>\n\t\t<\/section>\n\t\t\t\t<\/div>\n\t\t","protected":false},"excerpt":{"rendered":"<p>Le DAC Var Ouest d\u00e9veloppe plusieurs projets structurants destin\u00e9s \u00e0 am\u00e9liorer la coordination territoriale, fluidifier le lien Ville\u2013H\u00f4pital et faciliter l\u2019acc\u00e8s aux aides, droits et soins. Ces projets et outils visent \u00e0 soutenir aussi bien les professionnels que les usagers, en s\u2019appuyant sur des solutions innovantes, \u00e9volutives et adapt\u00e9es aux besoins du territoire. Les projets <\/p>\n","protected":false},"author":7,"featured_media":0,"parent":6652,"menu_order":0,"comment_status":"closed","ping_status":"closed","template":"","meta":{"_acf_changed":false,"advanced_seo_description":"","jetpack_seo_html_title":"","jetpack_seo_noindex":false,"footnotes":""},"class_list":["post-6621","page","type-page","status-publish","hentry"],"acf":[],"_links":{"self":[{"href":"https:\/\/dac-varouest.fr\/index.php\/wp-json\/wp\/v2\/pages\/6621","targetHints":{"allow":["GET"]}}],"collection":[{"href":"https:\/\/dac-varouest.fr\/index.php\/wp-json\/wp\/v2\/pages"}],"about":[{"href":"https:\/\/dac-varouest.fr\/index.php\/wp-json\/wp\/v2\/types\/page"}],"author":[{"embeddable":true,"href":"https:\/\/dac-varouest.fr\/index.php\/wp-json\/wp\/v2\/users\/7"}],"replies":[{"embeddable":true,"href":"https:\/\/dac-varouest.fr\/index.php\/wp-json\/wp\/v2\/comments?post=6621"}],"version-history":[{"count":157,"href":"https:\/\/dac-varouest.fr\/index.php\/wp-json\/wp\/v2\/pages\/6621\/revisions"}],"predecessor-version":[{"id":9294,"href":"https:\/\/dac-varouest.fr\/index.php\/wp-json\/wp\/v2\/pages\/6621\/revisions\/9294"}],"up":[{"embeddable":true,"href":"https:\/\/dac-varouest.fr\/index.php\/wp-json\/wp\/v2\/pages\/6652"}],"wp:attachment":[{"href":"https:\/\/dac-varouest.fr\/index.php\/wp-json\/wp\/v2\/media?parent=6621"}],"curies":[{"name":"wp","href":"https:\/\/api.w.org\/{rel}","templated":true}]}}

<div data-elementor-type="wp-page" data-elementor-id="6621" class="elementor elementor-6621">
						<section class="elementor-section elementor-top-section elementor-element elementor-element-6d2bcd7 elementor-section-boxed elementor-section-height-default elementor-section-height-default" data-id="6d2bcd7" data-element_type="section" data-e-type="section">
						<div class="elementor-container elementor-column-gap-default">
					<div class="elementor-column elementor-col-100 elementor-top-column elementor-element elementor-element-4352628" data-id="4352628" data-element_type="column" data-e-type="column">
			<div class="elementor-widget-wrap elementor-element-populated">
						<div class="elementor-element elementor-element-37bcca6 elementor-widget elementor-widget-html" data-id="37bcca6" data-element_type="widget" data-e-type="widget" data-widget_type="html.default">
				<div class="elementor-widget-container">
					<div class="projet-intro">
  <p class="projet-intro-strong">
    Le DAC Var Ouest développe plusieurs projets structurants destinés à améliorer la coordination territoriale,
    fluidifier le lien Ville–Hôpital et faciliter l’accès aux aides, droits et soins.
  </p>

  <p class="projet-intro-text">
    Ces projets et outils visent à soutenir aussi bien les professionnels que les usagers,
    en s’appuyant sur des solutions innovantes, évolutives et adaptées aux besoins du territoire.
  </p>
</div>



<div class="projet-wrapper">

  <h2 class="projet-section-title projets-title">Les projets</h2>

  <div class="projet-list">

    <!-- CASSI -->
    <article class="projet-item projet-blue">
      <div class="projet-main">
        <div class="projet-img">
          <img data-recalc-dims="1" decoding="async" src="https://i0.wp.com/dac-varouest.fr/wp-content/uploads/2025/11/LOGO-CASSI-1.png?ssl=1">
        </div>
        <div class="projet-content">
          <h3>CASSI</h3>
          <p class="projet-short">Une cartographie intelligente pour trouver le bon acteur au bon moment.</p>
          <button class="projet-more-btn">Voir plus</button>
        </div>
      </div>
      <div class="projet-full">
        <p>CASSI est un outil numérique régional de cartographie et d’annuaire permettant aux professionnels d’accéder à des données fiables, actualisées et opérationnelles sur l’offre sanitaire, sociale et médico-sociale. Il vise à faciliter l’orientation et à fluidifier les parcours en optimisant le recours aux aides, services et soins.</p>
        <a href="https://dac-varouest.fr/wp-content/uploads/2025/12/CASSI.pdf">Télécharger la fiche</a>
      </div>
    </article>

    <!-- CLEA -->
    <article class="projet-item projet-blue">
      <div class="projet-main">
        <div class="projet-img">
          <img decoding="async" src="https://dac-varouest.fr/wp-content/uploads/2025/12/Logo-CLEA-1.svg">
        </div>
        <div class="projet-content">
          <h3>CLEA</h3>
          <p class="projet-short">Un outil pour améliorer le lien ville-hôpital .</p>
          <button class="projet-more-btn">Voir plus</button>
        </div>
      </div>
      <div class="projet-full">
        <p>Le projet CLEA vise à renforcer le lien entre la ville et l’hôpital afin d’anticiper les situations complexes et de prévenir les ruptures de parcours. Il s’appuie sur le repérage précoce des situations à risque, l’accompagnement gradué des personnes concernées et, à terme, sur l’analyse des données pour améliorer la coordination et réduire les impasses médico-sociales.</p>
        <a href="https://dac-varouest.fr/wp-content/uploads/2025/12/CLEA-Synthese-Projet.pdf">Télécharger la fiche</a>
      </div>
    </article>

    <!-- ORIA -->
    <article class="projet-item projet-disabled">
      <div class="projet-main">
        <div class="projet-img">
          <img decoding="async" src="https://dac-varouest.fr/wp-content/uploads/2026/01/LOGO-ORIA.svg">
        </div>
        <div class="projet-content">
          <h3>ORIA (en développement)</h3>
          <p class="projet-short">Une IA d’aide à l’orientation territoriale.</p>
          <button class="projet-more-btn">Voir plus</button>
        </div>
      </div>
      <div class="projet-full">
        <p>ORIA est un projet innovant d’aide à l’orientation intégrant la saisie vocale et l’analyse automatisée des situations pour proposer des orientations adaptées. À terme, il vise à anticiper les risques de rupture de parcours grâce à des algorithmes d’analyse prédictive et de détection de signaux faibles.</p>
        <a href="https://dac-varouest.fr/wp-content/uploads/2025/12/ORIA.pdf">Télécharger la fiche</a>
      </div>
    </article>

  </div>

 
</div>				</div>
				</div>
					</div>
		</div>
					</div>
		</section>
				</div>

<p>Le DAC Var Ouest développe plusieurs projets structurants destinés à améliorer la coordination territoriale, fluidifier le lien Ville–Hôpital et faciliter l’accès aux aides, droits et soins. Ces projets et outils visent à soutenir aussi bien les professionnels que les usagers, en s’appuyant sur des solutions innovantes, évolutives et adaptées aux besoins du territoire. Les projets </p>
