{"id":8388,"date":"2026-02-09T12:58:40","date_gmt":"2026-02-09T11:58:40","guid":{"rendered":"https:\/\/dac-varouest.fr\/?page_id=8388"},"modified":"2026-03-18T15:24:52","modified_gmt":"2026-03-18T14:24:52","slug":"liste-ehpad","status":"publish","type":"page","link":"https:\/\/dac-varouest.fr\/index.php\/liste-ehpad\/","title":{"rendered":"Liste EHPAD"},"content":{"rendered":"   <div class=\"cc-ehpad-wrap\"\n        data-ajax=\"https:\/\/dac-varouest.fr\/wp-admin\/admin-ajax.php\"\n        data-nonce=\"941437fc9e\"\n        data-commune=\"\">\n\n     <div class=\"cc-ehpad-top\">\n       <div class=\"cc-ehpad-commune is-hidden\" id=\"cc_ehpad_commune_box\">\n         Commune s\u00e9lectionn\u00e9e : <strong id=\"cc_ehpad_commune_name\"><\/strong>\n       <\/div>\n\n       <input\n         id=\"cc_ehpad_search\"\n         class=\"cc-ehpad-search\"\n         type=\"search\"\n         placeholder=\"Rechercher un EHPAD, une commune ou un type de lit\u2026\"\n         autocomplete=\"off\"\n       >\n\n<div class=\"cc-ehpad-filters\">\n<label class=\"cc-ehpad-filter cc-ehpad-filter--htu\"><input type=\"checkbox\" name=\"cc_type[]\" value=\"htu\"> HTU<\/label>\n<label class=\"cc-ehpad-filter\"><input type=\"checkbox\" name=\"cc_type[]\" value=\"aj\"> AJ<\/label>\n<label class=\"cc-ehpad-filter\"><input type=\"checkbox\" name=\"cc_type[]\" value=\"hp\"> HP<\/label>\n<label class=\"cc-ehpad-filter cc-ehpad-filter--ashlike\"><input type=\"checkbox\" name=\"cc_type[]\" value=\"hp_ash\"> HP ASH<\/label>\n<label class=\"cc-ehpad-filter\"><input type=\"checkbox\" name=\"cc_type[]\" value=\"ht\"> HT<\/label>\n<label class=\"cc-ehpad-filter cc-ehpad-filter--ashlike\"><input type=\"checkbox\" name=\"cc_type[]\" value=\"ht_ash\"> HT ASH<\/label>\n<label class=\"cc-ehpad-filter\"><input type=\"checkbox\" name=\"cc_type[]\" value=\"uvp\"> UVP<\/label>\n<label class=\"cc-ehpad-filter cc-ehpad-filter--ashlike\"><input type=\"checkbox\" name=\"cc_type[]\" value=\"uvp_ash\"> UVP ASH<\/label>\n<label class=\"cc-ehpad-filter\"><input type=\"checkbox\" name=\"cc_type[]\" value=\"court_sejours\"> COURTS S\u00c9JOURS<\/label>\n\n<button class=\"cc-ehpad-reset\" id=\"cc_ehpad_reset\" type=\"button\">R\u00e9initialiser<\/button>\n<\/div>\n\n<div class=\"cc-ehpad-legend\">\n<strong>ASH<\/strong> Aide Sociale \u00e0 l\u2019H\u00e9bergement &nbsp;\u2022&nbsp;\n<strong>AJ<\/strong> Accueil de Jour &nbsp;\u2022&nbsp;\n<strong>HP<\/strong> H\u00e9bergement Permanent &nbsp;\u2022&nbsp;\n<strong>HT<\/strong> H\u00e9bergement Temporaire &nbsp;\u2022&nbsp;\n<strong>HTU<\/strong> H\u00e9bergement Temporaire d\u2019Urgence &nbsp;\u2022&nbsp;\n<strong>UVP<\/strong> Unit\u00e9 de Vie Prot\u00e9g\u00e9e &nbsp;\u2022&nbsp;\n<strong>COURTS S\u00c9JOURS<\/strong> Court s\u00e9jour\n<\/div>\n     <\/div>\n\n     <div class=\"cc-ehpad-sep\"><\/div>\n\n     <div id=\"cc_ehpad_zone_commune\"><\/div>\n     <div id=\"cc_ehpad_zone_other\"><\/div>\n\n   <\/div>\n   \n","protected":false},"excerpt":{"rendered":"","protected":false},"author":4,"featured_media":0,"parent":0,"menu_order":0,"comment_status":"closed","ping_status":"closed","template":"","meta":{"_acf_changed":false,"advanced_seo_description":"","jetpack_seo_html_title":"","jetpack_seo_noindex":false,"footnotes":""},"class_list":["post-8388","page","type-page","status-publish","hentry"],"acf":[],"_links":{"self":[{"href":"https:\/\/dac-varouest.fr\/index.php\/wp-json\/wp\/v2\/pages\/8388","targetHints":{"allow":["GET"]}}],"collection":[{"href":"https:\/\/dac-varouest.fr\/index.php\/wp-json\/wp\/v2\/pages"}],"about":[{"href":"https:\/\/dac-varouest.fr\/index.php\/wp-json\/wp\/v2\/types\/page"}],"author":[{"embeddable":true,"href":"https:\/\/dac-varouest.fr\/index.php\/wp-json\/wp\/v2\/users\/4"}],"replies":[{"embeddable":true,"href":"https:\/\/dac-varouest.fr\/index.php\/wp-json\/wp\/v2\/comments?post=8388"}],"version-history":[{"count":2,"href":"https:\/\/dac-varouest.fr\/index.php\/wp-json\/wp\/v2\/pages\/8388\/revisions"}],"predecessor-version":[{"id":8391,"href":"https:\/\/dac-varouest.fr\/index.php\/wp-json\/wp\/v2\/pages\/8388\/revisions\/8391"}],"wp:attachment":[{"href":"https:\/\/dac-varouest.fr\/index.php\/wp-json\/wp\/v2\/media?parent=8388"}],"curies":[{"name":"wp","href":"https:\/\/api.w.org\/{rel}","templated":true}]}}